 y(z) = -29*z + 62. List the prime factors of y(-8).
2, 3, 7
List the prime factors of ((-934)/(-3))/(26/39).
467
Suppose 30 - 15 = 3*t. Let p(v) = 6*v**2 - 4*v + 6. List the prime factors of p(t).
2, 17
Suppose -2825 = -1742*c + 1737*c. List the prime factors of c.
5, 113
Suppose 4*c + 222 = h - 0*h, 0 = -2*c + 8. What are the prime factors of h?
2, 7, 17
Let s(f) = -2*f - 53. Let q be s(-29). Suppose 0 = r - d - 156, q*d = 3*r + 4*d - 460. What are the prime factors of r?
2, 19
Let w be (6 + 6)*3/9. Let k(r) = 4*r - 4. What are the prime factors of k(w)?
2, 3
Let o(k) = 5*k**2 + 4*k - 18. List the prime factors of o(-5).
3, 29
Let c(p) = p**3 + 14*p**2 + 2*p + 27. Let j be c(-12). Suppose -2*n = 27 - j. List the prime factors of n.
2, 3, 11
Suppose -2*j + 21 + 1 = 0. List the prime factors of 1 + 0 - j/((-77)/1050).
151
Let b = 13 - 13. Suppose b = -7*j + 128 + 19. List the prime factors of j.
3, 7
Let l(z) = 2*z**3 - z**2 - 11*z + 30. List the prime factors of l(6).
2, 3, 5
List the prime factors of (-6)/12*10 + 7 + 3463.
3, 5, 7, 11
Suppose -3*s + 751 = 2*v, -v - 10*s + 363 = -11*s. What are the prime factors of v?
2, 23
Suppose 19*h - 16*h - 903 = 0. Let f = -129 + h. What are the prime factors of f?
2, 43
Suppose 372*w = 362*w + 7770. What are the prime factors of w?
3, 7, 37
Let c = -1 - 27. Let p = c + 42. What are the prime factors of p?
2, 7
List the prime factors of (9 - 5)*1 - -3*64.
2, 7
Suppose 4*x - 10 = 2*x. Let p be (-36)/(-4) - (4 + 0). Suppose 5*j - a = -x*a + 41, 2*j = -p*a + 30. What are the prime factors of j?
5
Suppose -16*c + 2*c + 70 = 0. Let r(s) = s**3 - 5*s**2 + 6*s - 4. Let z be r(4). Suppose 0 = 3*g - z*g + c. List the prime factors of g.
5
Let b(q) be the first derivative of -1/3*q**3 - 1 + 11/2*q**2 - 6*q. What are the prime factors of b(8)?
2, 3
Suppose 5*k + 5 = 0, d + 6437 = 3*k + 1772. List the prime factors of (-2)/(-13) + d/(-78).
2, 3, 5
Let w(u) = -u**3 - 18*u**2 + 22*u + 60. Let q be w(-19). Suppose r + 0*a + q*a - 158 = 0, -r = -a - 174. What are the prime factors of r?
2, 5, 17
Suppose 4*t = 10*t - 30. Suppose -d + t*s + 214 = 0, -d + 3*d - 5*s = 418. What are the prime factors of d?
2, 3, 17
Let d(w) = 2*w**3 - 8*w**2 - 3*w + 16. Let v be d(3). Let h(f) = f**3 + 12*f**2 + f + 1. List the prime factors of h(v).
3, 37
Let j = 11 - 14. Let x = 3 - j. List the prime factors of x.
2, 3
Suppose -10 = -2*l - 0*w + w, 4 = l - w. Suppose 1515 - 333 = l*g. What are the prime factors of g?
197
Let h(c) = 10*c**2 - 4*c + 3. List the prime factors of h(6).
3, 113
Let o be 6 + (-5)/((-20)/12). Suppose n - 2510 = -o*n. List the prime factors of n.
251
What are the prime factors of 5362 - 29/(261/108)?
2, 5, 107
List the prime factors of ((-354)/(-4))/(-3*9/(-432)).
2, 3, 59
Let j(k) = -45*k - 20. Let c be j(-4). Suppose -3*h + c = -5*p, -7*h - 4*p = -5*h - 92. List the prime factors of h.
2, 5
Let g be 24/36*6/4. Let o be (2 - g)/(2 - 1). Suppose 0 = -2*k - 4*i - 1 - o, 0 = -2*k - 2*i + 8. List the prime factors of k.
3
Let b = -81 - -732. Suppose -7*f + b = 3*o - 3*f, -o + 230 = -3*f. List the prime factors of o.
13, 17
Let x(q) = -8*q - 15. Let a(o) = 2*o**3 + 5*o**2 + 6*o + 4. Let r be a(-2). What are the prime factors of x(r)?
17
Suppose -4*u = 3*u - 609. Suppose 607 = 8*n + u. List the prime factors of n.
5, 13
Let d(k) = 5*k - 18. Let t(y) = 6*y - 19. Let a(n) = -2*d(n) + 3*t(n). Let f be a(-7). Let u = f - -135. List the prime factors of u.
2, 29
Let g = 14 + -11. Let f(j) = -2*j**2 + 3*j**2 - g*j**2 + 10*j + 2 + 1. List the prime factors of f(5).
3
Let s(j) = -35*j**2 - 2*j + 3. Let g be s(2). Let l = -60 - g. Suppose 4*y - 285 + l = 0. List the prime factors of y.
3, 17
Let q be (-1 - -1)/(2/1). Suppose w + q = 19. Suppose w = 5*x - 21. List the prime factors of x.
2
Suppose 4*v + 0*v = 12. Let h(s) = -30*s + 28*s + 6*s**2 - 2*s**2 + 3 + s**v. List the prime factors of h(-4).
11
Let h = 431 - 366. List the prime factors of h.
5, 13
Let q(l) = -l**2 + 12*l + 2. Let w be q(12). Let m be (w - 1) + (-5)/5. Suppose -y + m*y = 3*d - 44, -y = -d - 32. What are the prime factors of y?
5, 7
Let l be (-1)/(4 - 3) - -3. Suppose z + l*z = 9. Suppose -4*o = -2*x + 94, -3*x + 2*x + z*o + 48 = 0. What are the prime factors of x?
3, 5
Suppose 420 + 544 = -4*s. Let y = -153 - s. List the prime factors of y.
2, 11
Suppose -3*g - 210 - 54 = -5*s, 5*s - g = 258. Suppose 0*l - 3*l - 72 = 0. Let j = l + s. What are the prime factors of j?
3
What are the prime factors of 3688/(-2 + 4) + -7?
11, 167
Let c = -52 - -436. List the prime factors of c.
2, 3
Let u(f) = -2*f + 12. Let v be u(7). List the prime factors of v/(-7) - 2700/(-105).
2, 13
Suppose -3*i - 4*x + 17 = 0, 0 = -i - 4*x - 5. Let p(g) = -g**3 + 11*g**2 + 10*g - 8. What are the prime factors of p(i)?
2, 3, 17
Suppose -z = -22 + 9. Let y = 65 - z. What are the prime factors of y?
2, 13
Let g(u) = u**3 + 4*u**2 + 2*u - 1. Let z be ((-13)/39)/((-1)/(-9)). Let w be g(z). Suppose 28 = k + 3*h, -w*k - 2*k = -4*h - 48. List the prime factors of k.
2
Let a(n) = -3*n - 16. Let l be a(-5). What are the prime factors of ((-54 - -4) + -4)*l?
2, 3
Suppose -3*s + 5*q = 1484 - 396, 0 = 5*s - 2*q + 1788. Let t = s + 547. List the prime factors of t.
191
Let o be (0 + -2)*(-20)/8. Suppose o*z = 10*z - 500. List the prime factors of z.
2, 5
What are the prime factors of 154*(-20)/16*-2?
5, 7, 11
Let n = -23 - -27. Suppose -2*f - 2*f + 30 = 2*l, 2*f + n = 0. List the prime factors of l.
19
Let z(g) = 37*g**3 - g**2 - 3*g - 1. Let v be z(-1). Let x = 11 + -9. What are the prime factors of ((-5)/x)/(3/v)?
2, 3, 5
What are the prime factors of ((-8)/12)/((-44)/68046)?
1031
Let z(k) = -66*k + 17. Let n be z(5). Let d = n - -438. What are the prime factors of d?
5
Let j = -800 + 1219. Suppose -2*w = -3*c + 2*c - 279, -3*w + c + j = 0. List the prime factors of w.
2, 5, 7
Suppose 10*c - 9974 = 3056. What are the prime factors of c?
1303
Suppose 941 = g - 3*n, 0 = -4*g + 263*n - 264*n + 3699. What are the prime factors of g?
2, 463
Let h(z) = -15*z**3 + 5*z**2 + 9*z + 18. List the prime factors of h(-7).
5, 1069
Suppose -3*f = 2*g - 63 - 40, 2*f = -2*g + 72. Suppose -f - 5 = -3*a. What are the prime factors of a?
2, 3
Suppose 0 = -i - 3*a - 9, 4*i - 9 = 6*i + 3*a. Let b(t) = 3*t + 63. What are the prime factors of b(i)?
3, 7
Let n(o) = o**3 + 16*o**2 - 6*o - 44. List the prime factors of n(-16).
2, 13
Suppose 3*q + 326 = v, -3*v + 2*q + 327 = -2*v. List the prime factors of v.
7, 47
Suppose -3 + 9 = -q. Let b(u) = -u**3 - 5*u**2 - 2*u + 8. Let i be b(q). Let x = -24 + i. List the prime factors of x.
2
Let q(g) = -16*g + 3*g**2 + g**2 + 13 - 5*g**2 - 5. Let d be q(-7). Suppose 0 = -4*m - 5*c + 40, c - d = -2*m - 3*m. List the prime factors of m.
3, 5
Let s(d) = -d - 22. Let o be s(-17). List the prime factors of 3 + o + 128 - 1.
5
List the prime factors of (920/15)/(1/6).
2, 23
Suppose -4*s - 2 = -54. Let q(o) = o**2 - 11*o + 2. Let g be q(s). Let p = g + -24. List the prime factors of p.
2
Suppose 75 = 5*d - 5. Suppose 0 = d*m - 21*m + 140. What are the prime factors of m?
2, 7
Let p = 168 - 116. What are the prime factors of p?
2, 13
Suppose 0 = -t + 2*x + 523, 493 = t + x + 3*x. Suppose 5*n = 3*w + t, -2*w = -n + 3*w + 107. What are the prime factors of n?
2, 3, 17
Let w(b) = 298*b**2 + 19*b + 41. List the prime factors of w(-3).
2, 31, 43
Let g(s) = -113*s - 2. List the prime factors of g(-1).
3, 37
What are the prime factors of 9/((-18)/(-3478)) + 6?
5, 349
Let r = 265 - -198. List the prime factors of r.
463
Let k = 16 - 16. Let b be 0*(-3)/(k - -6). Suppose g - 4*g + 60 = b. List the prime factors of g.
2, 5
Let n = 78 - 2. Suppose -n = -5*o + o. Let a = 27 - o. List the prime factors of a.
2
Let r = 10 + 47. Let o = r - 85. Let h = -18 - o. What are the prime factors of h?
2, 5
Suppose -6*k = -708 + 354. List the prime factors of k.
59
Suppose -2*v - l - 1 = 9, 3*v + l + 15 = 0. What are the prime factors of (-156)/v - (-5)/(-25)?
31
Let g(h) = -25*h**3 - 2*h**2 - h + 2. Let n be g(1). Let b = 100 + n. List the prime factors of b.
2, 37
Suppose -49*k + 2943 + 49585 = 0. List the prime factors of k.
2, 67
Suppose -10597 = -6*k - 4015. List the prime factors of k.
1097
Let g be 5 + (1